z - 3. Is (z + 2 - w) + 10 a composite number?
False
Let r = 6 + -12. Let l(b) = -3*b**3 + 4*b**3 + 4 - 3 + 5*b**2 + 0*b**2 - 8*b. Is l(r) composite?
False
Let n(j) = j**3 + 18*j**2 - 2*j + 10. Let u be n(-9). Let z = u - 492. Is z a composite number?
True
Let o(u) = u**2 + 3*u - 6. Let l be o(-5). Let j be 5 - ((4 - -1) + -81). Is (-3)/l - j/(-12) prime?
False
Let d = 401 + -100. Is d a prime number?
False
Is (-8)/4*-7*(-1)/(-2) prime?
True
Is -4*2*(-548)/16 composite?
True
Suppose -4*u + 5*h = -286, 4*u - 3*u = 2*h + 73. Suppose -u = -4*o + 3*o. Is o a prime number?
False
Let h(i) = -i**2 + i + 2. Let z be h(0). Suppose z*g - 4 = -0. Suppose -6 = -g*p, -3*p + 97 = -0*x + 4*x. Is x a composite number?
True
Let o(c) = 1 - 5*c + 3*c + 3*c + c**2. Is o(-5) a composite number?
True
Let d(r) = 2 - 1 + r**3 + 3 - 3*r**2 - 4*r + 1. Is d(8) a composite number?
False
Suppose 4*j - 14 + 2 = 0. Suppose -j*i + 33 = -3. Suppose 5*v - 117 = -4*p, -4*v + 0*v = i. Is p prime?
False
Let j = 80 - -230. Is (2/4)/(5/j) a prime number?
True
Let g(h) = 80*h**2 + 10*h - 10. Let n be g(-8). Is 8/(-28) - n/(-14) prime?
True
Let z = 26 - 16. Let q = z + -18. Let b = -6 - q. Is b composite?
False
Let s be 39 + (0 - -1)/(-1). Suppose -3*w + s - 185 = 0. Let z = 4 - w. Is z a prime number?
True
Suppose -1 = -3*r - 4*m, -3*r + 0*r = -5*m - 19. Suppose 0*t - 267 = -r*t. Is t prime?
True
Let s be 4/6 - 3470/(-15). Is s/1 + 2 + 1 prime?
False
Let y = -8 - -3. Let u be -4*1/(-10)*y. Is u/3 + 136/6 a composite number?
True
Let n = 2974 + -1575. Is n prime?
True
Let y(p) = 55*p - 14. Let i(x) = -55*x + 15. Let v(d) = -4*i(d) - 5*y(d). Is v(-7) prime?
False
Let d(l) = 5*l**2 - 4*l - 34. Is d(11) composite?
True
Suppose -6*o + 2*o = -92. Is o composite?
False
Let h(q) = -8*q**3 - 2*q**2 + 3*q - 1. Let i be h(2). Suppose 2*b = -10 + 42. Let x = b - i. Is x a composite number?
False
Suppose -2*c + 3*f = 2, -5*c + 4*f = -4 + 9. Let d(l) = 253*l**3 - l**2. Let n be d(c). Is 2/(-5) - n/10 prime?
False
Let z = -4216 - -7811. Is z prime?
False
Let y(a) = 2*a**2 - a**3 - 2*a + a**2 - 9 + 10*a**2 - 6*a. Is y(10) prime?
True
Suppose 0*c = -2*c + 222. Is c composite?
True
Suppose 2*h = 6*h - 20. Suppose -h*g + 650 = -305. Is g a composite number?
False
Let d(j) = -2 - 2 - 25*j - 3 + 3. Is d(-2) prime?
False
Suppose 3*d + c - 3167 = -4*c, 5*c - 2118 = -2*d. Is d composite?
False
Let n = 264 + 73. Is n composite?
False
Is ((4 - 4)/(-5) + -319)/(-1) a composite number?
True
Suppose 0 = 5*d - 1385 - 70. Is d composite?
True
Let d be ((-38)/(-3))/((-2)/(-9)). Suppose -4*l + 19 + d = 0. Is l a prime number?
True
Let s = 9114 + -5826. Suppose 2*b + 4*w + 6 = -b, 0 = 4*b + 5*w + 8. Is b/(-7) - s/(-56) composite?
False
Is 3*(-28)/18*(-573)/2 prime?
False
Is 5/((-5)/2) - -1320 a prime number?
False
Let f = 13 + 34. Is f a prime number?
True
Let h = -14 + 25. Suppose 4*r = 9 + h. Let y(l) = l**2 - l + 3. Is y(r) a composite number?
False
Let j = -48 - -117. Suppose j = q - 2*p, -3*q - 8*p = -3*p - 251. Is q a composite number?
True
Suppose v + 0*v - 5 = 0. Suppose 2*d = -3*c + 21, 2*d + 11 = v*c - 8. Suppose 2*b + 34 = d*b. Is b prime?
False
Suppose 3*t = 15, k + 3*t = -2*t + 1964. Is k composite?
True
Suppose -4*r = r - 20. Let u(d) = -d + 2. Let o be u(2). Suppose 4*x - 3*l = 214, o = x - r*l - 40 - 7. Is x a prime number?
False
Let z(w) = -6*w**3 + w**2 - 1. Let c be z(-1). Suppose -3*b = v - 41, -2*b - 3*v + 9 = -c*v. Is 14/(b/5 - 2) a composite number?
True
Suppose -5 = 2*q - 13. Suppose -q*z + 82 = -130. Is z prime?
True
Let d(w) = -2*w - 1. Let l be d(-4). Let x = l - -80. Is x a composite number?
True
Suppose -3*f + 7*f + 7551 = 5*q, 0 = -2*f + 2. Is q a prime number?
True
Let t = -7 + 30. Is t composite?
False
Let s(j) = 3*j - 7. Let c(n) = 6*n**2 + 0 + 7 - n**3 + 2*n**3. Let h be c(-6). Is s(h) prime?
False
Let b(w) = -19*w**2 + 5*w + 7. Let l(d) = -38*d**2 + 11*d + 15. Let m(h) = -7*b(h) + 3*l(h). Is m(3) a composite number?
True
Suppose -4*r = -3*a - 0 + 2, 4*a + 4*r + 44 = 0. Let k = 8 + a. Suppose 0 = 2*s - k*w - 66, 51 = 3*s + 4*w - 62. Is s composite?
True
Suppose 5*p - 4*l - 4449 = -2*l, p + 3*l - 883 = 0. Is p a composite number?
True
Let c(l) be the second derivative of 137*l**4/12 + l**3/6 - 3*l. Let x be c(-1). Suppose -4*d + x + 12 = 0. Is d a composite number?
False
Let v = 11 - 2. Let p = -10 - -13. Is p*(2 - (-39)/v) a composite number?
False
Suppose 1 = u, 0 = 5*b + 3*u - 1 - 2. Suppose b = -0*m + 5*m - 175. Is m composite?
True
Suppose 0 = -4*m + 5*a + 18, 3*m - a - 4 = 4. Let t = 2 - -2. Suppose 3*l - 134 = -t*o, o = -m + 1. Is l composite?
True
Let z = 2 - 1. Suppose -a + z = 5. Is -1 - a - (-1 - 75) a prime number?
True
Let z = -4 + 6. Suppose -2*c = -6, 4*x + z*c - 78 = -12. Is x composite?
True
Let u(l) = -l**3 - 3*l**2 - 4*l + 1. Is u(-4) a prime number?
False
Let y(z) = z - 158. Let w be y(0). Let j = -52 - w. Is j a prime number?
False
Suppose 2*o = -0*o - 4*p + 24, 0 = 2*o - 5*p + 21. Suppose -o - 2 = -2*q. Is (-177)/(-2) - q/(-4) a prime number?
True
Let l(j) = -j**3 + 9*j**2 + j + 9. Let s be l(9). Is 1263/27 - (-4)/s a prime number?
True
Suppose 0 = -3*t + 2*w, -t + 3*t = 4*w. Let l = t + 3. Suppose 0 = l*i - 328 + 37. Is i composite?
False
Let u(s) = 2 - 5 + 0 + 4 - 6*s. Suppose 4*b + 4*m + 4 = 0, -3*m + m + 8 = -3*b. Is u(b) composite?
False
Let j(l) = l + 9. Let p be j(5). Suppose -2*k = -p - 14. Is k composite?
True
Let n(w) = 2*w**2 - w - 6. Suppose 2*q - 4 = 6. Is n(q) a composite number?
True
Suppose 4*r = -3 - 9. Is 1 - (59*-5 - r) prime?
True
Suppose 3*g + 65 - 218 = 0. Let m = 98 - g. Is m a prime number?
True
Let c = 6 + 25. Is c prime?
True
Let f(b) = -b**3 - 8*b**2 + 1. Let t be f(-8). Let m = -2 + t. Is 62*(m/2 - -1) composite?
False
Suppose -23*g + 1346 = -21*g. Is g a composite number?
False
Let w be 0/(-1) - (1 - 2). Let d be 52*(w + 1 - 1). Is (-2 - -1) + -2 + d prime?
False
Let b(s) = -s**2 - 7*s - 1. Let r be b(-6). Let a be 4/(-6) + (-22)/(-6). Suppose -a*q = -r*q + 106. Is q a prime number?
True
Let t(c) = -c**3 + 9*c**2 - 5*c + 4. Let k be t(8). Let s be -15*k/5*-1. Suppose -4*z + s = -0*z. Is z a prime number?
False
Let v(n) = -51*n + 2. Let a be v(-6). Let c = -202 + a. Suppose b + b = c. Is b composite?
False
Is 0 - ((-1788)/(-2))/(-2) a composite number?
True
Let v(o) = 27*o**2 - 10*o + 6. Is v(7) prime?
True
Suppose 5*q = -5*k - 45, 2*q + 11 = -k - 0*q. Let u(p) = -14*p + 4. Let x(o) = 15*o - 4. Let s(g) = 6*u(g) + 5*x(g). Is s(k) a prime number?
True
Let b(v) = -v**2. Let n(r) = -5*r**2 - 10*r - 9. Let x(q) = -6*b(q) + n(q). Is x(14) prime?
True
Suppose -3*k + 5*t - 4 = 0, -2*k - t = -0*t - 6. Suppose 57 = 4*s + j - 0*j, 51 = k*s + 5*j. Is s prime?
True
Let g(l) be the first derivative of -l**2/2 + 3*l - 1. Let u be g(3). Is (-9)/(u + 6/(-4)) a composite number?
True
Let o = 181 - 20. Is o a prime number?
False
Suppose 3816 = 6*i - i + x, 0 = -4*i - 3*x + 3055. Is i a composite number?
True
Let q(r) be the second derivative of r**4/3 + r**3/3 + 5*r**2/2 + r. Suppose 3*w = 16 - 1. Is q(w) a prime number?
False
Suppose -6 = -u - 1. Suppose x = -0*b - u*b + 1005, 0 = -3*b + 2*x + 603. Is b composite?
True
Suppose 3*w = 4*s + 9466, w + 4*w - 15795 = 3*s. Let b be (-4)/14 + w/42. Suppose 5*a = -5*p + b, -48 = -3*p + a - 3. Is p composite?
True
Let y be (-191)/3 - 4/(-6). Let c be (1 + y/(-12))*-4. Let j = c + 47. Is j a prime number?
False
Let h(t) = -4*t**2 - t. Let l be h(1). Let o(y) = 2*y**2 + 6*y - 1. Is o(l) a composite number?
False
Let p = 62 + 51. Is p composite?
False
Let x(c) be the third derivative of -c**4/24 + 7*c**3/3 + 6*c**2. Is x(0) composite?
True
Suppose -s + 2 = -3*r - 10, -3*r = -3*s + 12. Suppose -4*y + 5*x - 567 + 1704 = 0, 2*y - 3*x - 569 = s. Let b = y - 161. Is b prime?
False
Let g(a) = -a**2 - 8*a + 8. Let i be g(-8). Suppose 36 = 2*q - 974. Suppose -5*c - 122 = -x, -3*x + i*x = 4*c + q. Is x composite?
False
Let s be (0/(-2) + -1)*-2. Is (78/(-18))/(s/(-102)) prime?
False
Let u(r) = 48*r**2 + r - 1. Let q be u(1). Let b = q - -1. Let k = b - 34. Is k prime?
False
Let y be (1 - 2/(-4))*-2. Let b be -1*(y*21 + -2). Suppose 2*u = -z - 16 + b, -2*z = -2*u - 128. Is z a prime number?
True
Suppose 0*f + f = 0. S